40196?
1
What is the hundred thousands digit of 294570?
2
What is the ten millions digit of 38088021?
3
What is the tens digit of 17783800?
0
What is the hundred thousands digit of 309958?
3
What is the ten thousands digit of 247206?
4
What is the hundreds digit of 1812643?
6
What is the units digit of 6846649?
9
What is the thousands digit of 120604?
0
What is the tens digit of 40712623?
2
What is the hundreds digit of 2814579?
5
What is the units digit of 265134?
4
What is the ten thousands digit of 773446?
7
What is the units digit of 4930059?
9
What is the ten thousands digit of 9116941?
1
What is the hundreds digit of 3321030?
0
What is the units digit of 57336?
6
What is the ten thousands digit of 1431828?
3
What is the ten thousands digit of 1047052?
4
What is the hundreds digit of 21988?
9
What is the hundred thousands digit of 1154836?
1
What is the tens digit of 352881?
8
What is the thousands digit of 7515038?
5
What is the hundreds digit of 2294913?
9
What is the ten thousands digit of 64497?
6
What is the tens digit of 897720?
2
What is the ten thousands digit of 2081357?
8
What is the units digit of 2420366?
6
What is the hundred thousands digit of 15043846?
0
What is the hundred thousands digit of 2223030?
2
What is the tens digit of 185785?
8
What is the thousands digit of 276084?
6
What is the units digit of 17539446?
6
What is the millions digit of 1211187?
1
What is the tens digit of 4856049?
4
What is the ten thousands digit of 766818?
6
What is the tens digit of 1040011?
1
What is the hundreds digit of 64530?
5
What is the thousands digit of 115439?
5
What is the hundreds digit of 51946?
9
What is the hundreds digit of 1159390?
3
What is the hundreds digit of 5670764?
7
What is the hundreds digit of 317874?
8
What is the hundred thousands digit of 593784?
5
What is the hundreds digit of 134816?
8
What is the hundreds digit of 819113?
1
What is the units digit of 1499657?
7
What is the ten thousands digit of 6406110?
0
What is the units digit of 1744307?
7
What is the hundred thousands digit of 1262291?
2
What is the ten thousands digit of 223135?
2
What is the units digit of 112188?
8
What is the units digit of 3667989?
9
What is the units digit of 7226462?
2
What is the tens digit of 185446?
4
What is the tens digit of 465790?
9
What is the millions digit of 2896727?
2
What is the hundreds digit of 308677?
6
What is the hundred thousands digit of 706279?
7
What is the ten thousands digit of 402663?
0
What is the hundred thousands digit of 2631741?
6
What is the thousands digit of 9400391?
0
What is the units digit of 533559?
9
What is the ten thousands digit of 13355076?
5
What is the thousands digit of 5267305?
7
What is the hundred thousands digit of 4620426?
6
What is the hundred thousands digit of 2881092?
8
What is the hundred thousands digit of 196675?
1
What is the hundreds digit of 325472?
4
What is the thousands digit of 349815?
9
What is the tens digit of 3674989?
8
What is the units digit of 8330?
0
What is the ten thousands digit of 9349997?
4
What is the thousands digit of 638418?
8
What is the ten thousands digit of 9768092?
6
What is the thousands digit of 75186?
5
What is the ten thousands digit of 21625285?
2
What is the millions digit of 7395190?
7
What is the units digit of 151228?
8
What is the units digit of 8541762?
2
What is the ten thousands digit of 7842388?
4
What is the millions digit of 4604879?
4
What is the millions digit of 13512637?
3
What is the hundreds digit of 3587817?
8
What is the ten millions digit of 12795542?
1
What is the tens digit of 2647013?
1
What is the thousands digit of 2399205?
9
What is the units digit of 1074740?
0
What is the millions digit of 7611985?
7
What is the thousands digit of 1169222?
9
What is the millions digit of 7597071?
7
What is the ten thousands digit of 226241?
2
What is the ten thousands digit of 413913?
1
What is the tens digit of 229000?
0
What is the hundreds digit of 7359409?
4
What is the ten thousands digit of 27443882?
4
What is the hundred thousands digit of 7209590?
2
What is the hundreds digit of 10479562?
5
What is the millions digit of 4769300?
4
What is the ten thousands digit of 12766196?
6
What is the hundred thousands digit of 173673?
1
What is the hundreds digit of 2323583?
5
What is the millions digit of 2056353?
2
What is the thousands digit of 101812?
1
What is the units digit of 1371716?
6
What is the units digit of 1383296?
6
What is the tens digit of 375100?
0
What is the hundred thousands digit of 4148927?
1
What is the tens digit of 96786?
8
What is the thousands digit of 7527364?
7
What is the units digit of 60533?
3
What is the hundred thousands digit of 3964848?
9
What is the hundreds digit of 9312020?
0
What is the units digit of 63328?
8
What is the units digit of 8249041?
1
What is the units digit of 1197274?
4
What is the units digit of 295571?
1
What is the millions digit of 2974876?
2
What is the ten thousands digit of 386243?
8
What is the ten thousands digit of 8689575?
8
What is the units digit of 582041?
1
What is the ten thousands digit of 14581639?
8
What is the thousands digit of 451134?
1
What is the units digit of 893932?
2
What is the tens digit of 34977921?
2
What is the hundreds digit of 466?
4
What is the ten millions digit of 11391924?
1
What is the hundred thousands digit of 1334546?
3
What is the hundreds digit of 116336?
3
What is the tens digit of 2900789?
8
What is the thousands digit of 276754?
6
What is the tens digit of 378789?
8
What is the units digit of 305292?
2
What is the hundreds digit of 14595801?
8
What is the hundreds digit of 1454771?
7
What is the thousands digit of 1473542?
3
What is the tens digit of 9935987?
8
What is the hundred thousands digit of 1684955?
6
What is the tens digit of 172511?
1
What is the hundreds digit of 824193?
1
What is the millions digit of 6062594?
6
What is the units digit of 3969474?
4
What is the units digit of 3904053?
3
What is the thousands digit of 6255904?
5
What is the tens digit of 257111?
1
What is the tens digit of 8152873?
7
What is the millions digit of 1117932?
1
What is the ten thousands digit of 5317950?
1
What is the hundred thousands digit of 981239?
9
What is the ten millions digit of 17085131?
1
What is the tens digit of 19540237?
3
What is the tens digit of 198328?
2
What is the units digit of 258155?
5
What is the millions digit of 5705287?
5
What is the millions digit of 1375849?
1
What is the ten thousands digit of 161098?
6
What is the ten thousands digit of 892004?
9
What is the ten thousands digit of 1386025?
8
What is the tens digit of 772423?
2
What is the hundred thousands digit of 5755074?
7
What is the hundreds digit of 760966?
9
What is the units digit of 217808?
8
What is the millions digit of 9290807?
9
What is the tens digit of 39321?
2
What is the units digit of 1656814?
4
What is the units digit of 2249565?
5
What is the tens digit of 413909?
0
What is the tens digit of 160630?
3
What is the hundreds digit of 12376688?
6
What is the thousands digit of 243332?
3
What is the hundred thousands digit of 10528445?
5
What is the thousands digit of 22348662?
8
What is the hundreds digit of 889432?
4
What is the ten thousands digit of 196676?
9
What is the millions digit of 2162701?
2
What is the ten thousands digit of 594553?
9
What is the millions digit of 3424434?
3
What is the ten thousands digit of 206703?
0
What is the units digit of 178850?
0
What is the tens digit of 339724?
2
What is the ten millions digit of 19719865?
1
What is the hundreds digit of 166055?
0
What is the units digit of 4687643?
3
What is the units digit of 827718?
8
What is the millions digit of 2842070?
2
What is the units digit of 1655873?
3
What is the thousands digit of 1620515?
0
What is the hundred thousands digit of 820448?
8
What is the units digit of 2157375?
5
What is the tens digit of 735282?
8
What is the hundreds digit of 724796?
7
What is the hundreds digit of 2628577?
5
What is the thousands digit of 30003?
0
What is the thousands digit of 10714627?
4
What is the units digit of 581235?
5
What is the thousands digit of 31590?
1
What is the units digit of 34193?
3
What is the thousands digit of 212137?
2
What is the hundred thousands 